 -11) + 5)?
1
What is the value of 0 + 5 + (1 - (2 - 0))?
4
Evaluate 1 + -8 + 3 + -1.
-5
What is the value of -4 + -1 - 1 - -4?
-2
What is -7 - (-10 - -5) - -5?
3
Calculate 1 + (-2 - ((-1 - 0) + 4)).
-4
What is -2 + 6 + (-3 - -15 - 8)?
8
Evaluate (2 - 7 - (-4 - -3)) + 0.
-4
Evaluate 4 + -6 - (1 + 1) - 1.
-5
Evaluate 13 + (0 + -7 - 0).
6
What is 2 - (8 + -6 - -1) - 3?
-4
What is -5 + (3 - 0 - (9 - 6))?
-5
(7 - 0) + -4 + (3 - 2)
4
Evaluate (3 - 0) + -3 - (-14 - -22).
-8
What is (-6 - -3) + -6 + 6?
-3
Evaluate -9 + (2 - 4) + 3 - -3.
-5
-4 - (7 + -6 + -10)
5
-6 + 5 + (-1 - 2)
-4
Evaluate 5 - (-2 - -3 - -4).
0
Calculate 6 + -7 + 5 - -2.
6
What is the value of -7 - (-8 + 2 - -3)?
-4
Evaluate -3 + (-2 - -4) - (-3 - 1).
3
What is the value of -4 + 0 + -2 - (0 + -2)?
-4
What is -1 - (20 - 7 - 7) - -15?
8
What is the value of (2 - (1 - (-2 - 0))) + -3?
-4
What is -2 + (3 + -7 - -4)?
-2
(6 - 6) + -4 + 0 + -4
-8
1 - ((-4 - -10) + (-1 - 1))
-3
Calculate (-4 - (-4 - -2)) + 0 + 2.
0
What is the value of 0 - 3 - 1 - (0 + -3)?
-1
What is 0 - 12 - (-6 + -1)?
-5
Evaluate -2 - (1 + (-3 - 2) + -1).
3
What is 1 - (0 + 2 - (-5 + 8))?
2
What is the value of (-10 - -6) + 5 + 8 - 2?
7
6 - 1 - (7 + 1)
-3
What is the value of (-3 + -5 - -2) + 2?
-4
What is the value of -3 + 1 - (-3 - -2)?
-1
What is -7 + -32 + 37 + 0 + 2?
0
What is 3 - (-5 + 5 + -6)?
9
Evaluate (0 - -2) + (5 - 8) + 5.
4
-1 + 5 - (-35 - -37)
2
-7 + ((2 - 0) + -1 - -2)
-4
Calculate -4 + (4 + -1 - -3) - 7.
-5
3 - (4 - -1 - -3)
-5
7 + (-7 - -3 - 4)
-1
Evaluate (7 - (-1 + 6)) + -1 - -3.
4
Evaluate 4 - ((2 - -4) + 3) - 0.
-5
Evaluate 1 + (1 - 2) + -1.
-1
What is the value of 2 + (8 - -1 - 14)?
-3
-3 - (5 + -4 + -2 + -4)
2
Evaluate -5 + (-2 - -1) + (-1 - -5).
-2
What is the value of 6 - 2 - (-2 - -2)?
4
What is the value of 16 - (16 + -8 + 3)?
5
What is the value of (3 - -1) + -20 + 21?
5
What is 6 - (-23 + 21 + -1 + 4)?
5
What is the value of 0 + 3 - -3 - (2 + -1)?
5
3 + (-5 + 1 - -6)
5
Evaluate -2 - 2 - -9 - 0.
5
Calculate -4 + (2 - 1) + 0.
-3
What is -11 + (1 - (-11 + 2))?
-1
-1 + 1 - (-5 - 0)
5
(-2 - (-3 + 2)) + -1
-2
What is 1 + -1 + -1 + 3?
2
What is the value of -1 + (-1 - (-8 + 4)) + -1?
1
9 - 1 - (-3 + 5 + 2)
4
What is the value of -3 + (4 - (-3 + 3))?
1
What is -1 + (0 - 7 - (-48 - -31))?
9
Evaluate 17 + -6 - (7 - 1).
5
What is 4 - (0 - 3 - (8 - 10))?
5
0 - (2 - 5) - 4
-1
What is the value of -5 + 8 + 2 + -1 - 1?
3
What is -2 - -1 - (1 + 1)?
-3
What is 2 + -1 - (6 - 3)?
-2
What is -5 + (-10 - -8) - (-7 + -1)?
1
Evaluate -4 + (-4 - -4 - -1) - -8.
5
What is the value of 0 + 11 - (-11 - -19)?
3
8 - ((2 - 7) + 4)
9
Calculate -3 - ((-2 - 4) + 6).
-3
Calculate -10 + 7 - (2 + -1).
-4
(-1 - 8) + (24 - 21)
-6
What is -10 - (3 - (-4 - -14))?
-3
What is the value of -5 - (-1 + -4 + 1)?
-1
What is -9 + -5 + 7 - -6?
-1
What is (-1 + 4 - -2 - 0) + -3?
2
What is -6 + -2 - (-13 - (1 - 1))?
5
Calculate -5 + (14 - 7) - (-1 + -1).
4
Calculate 0 + -1 + 1 - (-216 - -220).
-4
What is -2 + (-9 - (-8 - 0))?
-3
What is (3 - 5 - 3) + 1?
-4
What is 4 - (4 + -2 + 6)?
-4
Calculate (-2 + (6 - 0) - 5) + 2.
1
(3 - (1 - -1)) + -5 + 8
4
What is the value of 7 + 3 + -7 + 0?
3
Calculate (2 - 0) + 4 + -2.
4
Calculate 10 - 9 - (-4 - -4).
1
Calculate -8 + 5 + (11 - 4 - 11).
-7
Calculate -1 + 4 + -7 + -2 + 11.
5
What is the value of 0 + (1 - (13 - 8))?
-4
-5 - (-5 - (-8 + 1))
-7
Evaluate -5 + -3 + 6 - -3.
1
(1 - (4 + -3)) + 13 + -17
-4
What is the value of 1 + 4 + -2 - (-5 + 3)?
5
Calculate 0 + -2 - (1 - 3).
0
What is 1 + (0 - -3) + 1 + -1?
4
Calculate 1 + 1 - (9 - 10).
3
7 - (-4 - -2 - (4 + -7))
6
Calculate -4 + 3 + (14 - 10).
3
What is the value of (2 - 3 - -3) + (2 - 4)?
0
Calculate -10 + 5 + (-12 - -8 - -4).
-5
Calculate -3 - (1 - (-4 - -3)).
-5
What is (-4 - (4 + 1)) + 0?
-9
What is -4 + -4 + 4 + 7?
3
What is the value of (-7 - -4) + 4 - 1?
0
What is the value of 7 + -4 - -3 - 2 - 2?
2
Evaluate (-1 - (0 + -3)) + 1.
3
9 - 13 - (-5 - -1)
0
What is the value of 7 + (-7 + 0 - -5)?
5
What is the value of (0 - (0 + 1)) + (4 - -2)?
5
Calculate (-1 - (0 + -7)) + -4.
2
What is the value of -1 + 4 - 5 - 3?
-5
-6 - (-15 - -6 - -4)
-1
Evaluate 6 - (-13 + 12 - (7 + -4)).
10
What is 0 + -1 - (0 + 1)?
-2
Evaluate (-1 - -6) + (-57 - -51).
-1
What is 0 + -3 + -1 - 2 - -2?
-4
Calculate 0 + 3 + -5 + 0.
-2
5 + 2 - (1 - -4)
2
1 - (-2 + -4 + 2)
5
What is -2 - 2 - -1 - (-5 + 7)?
-5
4 + -3 - (5 - 7)
3
Evaluate 9 + (-7 - -4) - 2.
4
Evaluate 4 - (-2 - (2 + -13)).
-5
Calculate 7 + (-2 - -1 - 6).
0
8 - (2 + -2 + -28 + 28)
8
What is 2 + (-3 - -2 - -1)?
2
What is 0 + -3 + -1 + (0 - 0)?
-4
Calculate 5 - (-2 + -1) - 5 - 8.
-5
(-1 - 1) + -10 - -9
-3
What is 1 + -3 + 2 - (15 - 20)?
5
What is the value of -6 - -11 - 7 - -7?
5
What is the value of -13 + (-4 - (-6 - (-2 + 6)))?
-7
What is 3 + -10 - (-2 - 2)?
-3
4 - (9 + -4) - (-1 - -6)
-6
Calculate -11 + (-7 - -13) - -13.
8
What is the value of (1 - (3 + 10)) + 19?
7
What is 6 + 0 + -1 + -4?
1
What is the value of 9 + -16 + 8 - (-4 - 0)?
5
What is 27 - 30 - (10 - 2)?
-11
(-8 - -16) + -10 + -5
-7
What is -2 - (9 - (7 - 3))?
-7
What is 4 + (-2 - (0 - 4 - -4))?
2
Evaluate (2 - (2 - -2)) + 1.
-1
What is the value of 0 + -2 + (5 - 7)?
-4
0 + -1 + 3 + (-4 - -5)
3
Calculate 3 + 1 - 7 - (2 - 1).
-4
What is the value of 0 - ((0 - 1) + -3)?
4
Evaluate -2 + -2 + 4 - (-2 + 3).
-1
What is the value of (-1 - -7) + -2 + 1?
5
What is the value of (-1 - (1 + -6)) + 4 - 1?
7
Evaluate (-3 - 1 - (-24 - -13)) + -3.
4
Calculate 2 + -4 - (-1 + -3 + 1).
1
What is the value of (6 - 12) + 3 + -1?
-4
Calculate (-6 + -13 + 7 - 5) + 8.
-9
0 - -1 - ((-33 - -19) + 10)
5
What is -5 + 6 + 4 + -4 + -1?
0
Evaluate -2 + 5 + -1 - -1.
3
What is the value of -1 + (0 - 1) - -6?
4
-3 + (1 - (-3 + 0))
1
-6 - -5 - (-4 + 14)
-11
What is the value of 4 + (-2 - -2) + -6 + 4?
2
Calculate (-14 - -13) + 2 + 2.
3
Calculate 1 - ((5 - 0) + -9).
5
What is -1 - 4 - -10 - 9?
-4
What is 4 - (11 + -14 - (-6 - -2))?
3
Calculate -4 + (0 - 3) + 0.
-7
Calculate 9 + -10 - (-3 + -1).
3
What is the value of -11 + (9 - (-6 + 2))?
2
8 - 1 - (0 - -4)
3
Calculate 5 + (-1 - (1 + 3)).
0
(-4 - 3) + (11 - -1)
5
Calculate -1 + 1 + 6 + -6 + 0.
0
What is 11 - 3 - 6 - -3?
5
What is the value of (-3 - 1) + 5 + 1?
2
Calculate -3 - (6 - 1) - -18 - 7.
3
(1 - 1) + 2 - 5
-3
Evaluate (1 - 3) + -1 + 5.
2
4 - (0 - -3) - (-8 + 5)
4
Calculate 0 - 2 - (0 - (-7 - -4)).
-5
What is the value of 0 + -2 + -1 + 5?
2
Evaluate (0 - (3 - (6 + -3))) + -1.
-1
What is the value of -8 - -8 - (-3 - -11)?
-8
What is -6 - (2 - 4) - -8?
4
0 - (1 + -7 + 3)
3
Calculate -2 + 0 + 5 + 1 + -4.
0
What is the value of 3 + (1 - (-1 + (6 - 3)))?
2
Calculate -1 - (0 - (0 + 4 + -6)).
-3
Evaluate -12 - -12 - (-11 - -18).
-7
What is -1 - (2 - (-1 + -2 + 1))?
-5
(-3 + 2 - 0) + 4
3
Calculate 3 + 0 + 2 + -23 + 17.
-1
10 + -6 + (-8 - -3) - -1
0
Calculate -4 - -1 - (-1 - 1).
-1
What is the value of -5 + (-2 + 1 - -10) - 3?
1
Evaluate 16 + (1 + -11 - 0).
6
What is -2 + 1 - (-12 + 5 + 6)?
0
Evaluate -2 - (3 - (4 + -5 + 7)).
1
Evaluate 2 - (-2 + 5 - 4).
3
What is the value of 1 + (0 - 5 - -4 - 1)?
-1
6 + (3 - 6) + (2 - 9)
-4
What is 4 - (-3 + (5 - 4 - -1))?
5
9 - (6 + -7 + 7)
3
-5 + 5 + (-6 - -5)
-1
Calculate 2 + -7 + (4 - 9 - -6).
-4
Evaluate -1 + 1 + 8 - 4.
4
11 - 3 - (3 - 0 - 0)
5
Evaluate -1 + (9 - (-9 - -13)).
4
Evaluate 20 + -24 - (2 - -1) - -3.
-4
What is (-21 - (0 - 14)) + (-1 - -7)?
-1
(-53 - -56 - (0 - 2)) + -11
-6
-5 - -9 - 4 - -3 - 3
0
Evaluate -10 - -14 - ((0 - 0) + 7).
-3
What is -18 - -26 - (3 - 1)?
6
8 - (-7 + 22) - (2 - 1)
-8
What is the value of -5 + (-12 + 2 - -8) + 3?
-4
What is the value of -6 + (4 - 4 - (-3 + 1))?
-4
Calculate ((0 - 0) + 1 - 2) + 6.
5
What is the value of -95 - -86 - (-7 + 1)?
-3
What is (7 - 7) + (2 - 0 - -1)?
3
Calculate -65 + 57 - (-2 - 4).
-2
What is (-1 - -13 - (1 + 3)) + -5?
3
What is 1 - (-2 + -2 - 1 - -4)?
2
(-3 + -2 - (-10 + 8)) + 5
2
What is (-2 - 2) + 2 - 1?
-3
What is -1 + (1 + -6 + 11 - 2)?
3
What is 12 + -13 - (0 + -3 + 7)?
-5
What is the value of 3 + (0 - (-7 + 8))?
2
Calculate (1 - 3) + 9 - 7.
0
Calculate -4 - (-2 - (-3 + 0 - 0)).
-5
What is the value of 1 - (7 + (-3 - 1))?
-2
Evaluate -1 + (-1 - (0 - (0 + 4))).
2
Evaluate 3 + 0 + (-162 - -160).
1
(-2 - (1 - -4 - 6)) + 2
1
What is the va